*70/(-28). Let j(g) = -3*g**2 + 2*g + 4*g - g**b + 2 - 2*g. Calculate j(-4).
2
Let i(x) = -x**3 - 9*x**2 + 8*x + 6. Let w(c) = -3*c**3 - 19*c**2 + 17*c + 13. Let m(b) = -5*i(b) + 2*w(b). What is m(5)?
16
Let d(s) be the third derivative of s**5/60 + s**4/4 + 5*s**3/3 + 85*s**2 + 2*s. Give d(-7).
17
Let w be (-2)/(2/11) - -3 - -4. Let a(p) = -p**3 - 2*p**2 + 5*p. Calculate a(w).
12
Let b(r) = 19*r**2 - 3*r - 2. Let x be b(-1). Let c = -23 + x. Let m(j) = -j**3 - 3*j**2 - j - 4. What is m(c)?
-1
Suppose 53*p - 46*p + 21 = 0. Let z(x) = x**3 - 2*x**2 - 4*x - 1. What is z(p)?
-34
Let i be 126/9*(-2 + 32/14). Let d(q) = -q**2 + 3*q - 5. Determine d(i).
-9
Let j(a) = -2*a + 39. Let w(n) = n**3 - 2*n**2 + 8*n - 16. Let o be w(3). Determine j(o).
5
Let w(x) = x**3 - 7*x**2 - 8*x - 6. Let h = 432 - 424. Determine w(h).
-6
Suppose -2*v + 8*v - 96 = 0. Suppose -6*c - 2 = v. Let f(r) = r**3 + 4*r**2 + r. Determine f(c).
6
Let m(n) = -6*n**2 + 13*n + 47. Let g(h) = -7*h**2 + 13*h + 57. Let o(d) = 5*g(d) - 6*m(d). What is o(12)?
-9
Let o = -8 - -6. Let a(x) = 15*x**3 + 7*x**2 + x - 6. Let l(c) = -34*c**3 - 16*c**2 - 3*c + 13. Let k(s) = 9*a(s) + 4*l(s). Calculate k(o).
8
Suppose -5*w + 0*u = -5*u + 105, -w - 15 = -3*u. Let i = 22 + w. Let d(p) = -p**2 + p - 2. What is d(i)?
-8
Let x(d) = -d**2 + 17. Let r = 744 - 740. Determine x(r).
1
Let z(g) = 4*g + 2. Let u be (-8)/(-44) + 369/(-33). Let x(r) = 2*r + 1. Let n(c) = u*x(c) + 6*z(c). Calculate n(3).
7
Let p(b) = 8*b**2 - b + 1. Let w(u) = -22*u**2 + 9*u - 9. Let i(a) = -21*a**2 + 8*a - 8. Let k(q) = -7*i(q) + 6*w(q). Let r(n) = 3*k(n) - 5*p(n). Give r(1).
5
Suppose 4*n + 5 + 7 = 0, -4*q - 5*n = 19. Let c(w) = -53*w**2 - 13*w. Suppose 0 = i + i - 18. Let v(l) = 13*l**2 + 3*l. Let s(d) = i*v(d) + 2*c(d). Give s(q).
10
Let l(i) be the first derivative of -13*i**3/3 + 3*i**2/2 + 299. Determine l(-2).
-58
Let l(j) be the first derivative of -2*j + 7*j**2 + 16 + j + 5*j**2. What is l(-1)?
-25
Let y(c) = -c**3 - 3. Let u(d) = -d**3 - 2*d**2 + 3*d + 4. Let q be u(-3). Suppose -q*t = 2*t + t. What is y(t)?
-3
Let y(b) be the second derivative of -b**3/6 + b**2/2 - b. Suppose w + 936 = 935. Give y(w).
2
Let d(i) = -5*i + 66. Suppose 13*n - 94 - 75 = 0. Determine d(n).
1
Let d(a) = 94*a**3 + 9*a**2 + 99*a**3 + 6 - 194*a**3. Calculate d(9).
6
Let s(j) = j**3 + 6*j**2 + 2*j - 12. Let b be s(-3). Let l(o) = -o**3 + 8*o**2 + 7*o + 7. What is l(b)?
-11
Let v(o) be the first derivative of -3*o**2 + 53*o + 235. What is v(10)?
-7
Let m(c) = -c**2 - 16 + 4*c**2 + 4*c - 4*c**2 + 11 + 0*c**2. Give m(7).
-26
Let z(y) = 1. Let t(g) = 4*g - 11. Let u(p) = t(p) + 5*z(p). What is u(-5)?
-26
Let c(v) = 27*v. Let g(o) = 11*o. Let j(z) = 2*c(z) - 5*g(z). Calculate j(-6).
6
Let g(j) = j**2 + 3*j - 16. Let y be g(3). Let d(k) = k**3 + k**2 - k - 2. Calculate d(y).
8
Let k(t) = t**2 + t + 1. Suppose 273*r = 264*r - 45. Give k(r).
21
Suppose -2*i + 13 = 9. Let q(w) be the third derivative of w**4/6 - w**3/2 + 4*w**2. Calculate q(i).
5
Suppose -3*x = -4*m + 82, -x + 0 = -2. Let q = m - 11. Let t be (q - 9)*(-1)/(-2). Let b(y) = -5*y**3 - y**2 + y. Calculate b(t).
-5
Let t be (-112)/(-63) + (-4)/(-18). Suppose t*g - 320 = -2*g. Let y(h) = 40 - h**2 + 43 - 3*h - g. What is y(-5)?
-7
Let s be 0 + (-5)/(0 + 5). Let j(p) = 3*p**2 - 5*p + 1. Let a(f) = f**2 - f. Let i(g) = s*j(g) + 4*a(g). Calculate i(1).
1
Let r(c) = -32*c. Let j be r(0). Let w(q) be the third derivative of 1/24*q**4 + 0*q - 2*q**2 - 1/60*q**5 + j + 1/3*q**3. Calculate w(3).
-4
Let z(g) = g + 6. Let f be (-2)/4 - 3/(-6). Suppose f = 2*n + 13 + 3. Let a be z(n). Let m(k) = 2*k**3 + 3*k**2 + 4*k + 2. Determine m(a).
-10
Let z = 0 - -1. Let c(k) = -4185*k + k**2 + 4185*k. Give c(z).
1
Let y = 933 + -936. Let r(v) = -4*v**2 - 5*v**3 + 3*v**2 - 4 + 3*v**3 + v**3 - 2*v. What is r(y)?
20
Let r(x) = 2*x**2 + x**3 - 15 + 1 + 6*x**2 - 14*x + 7*x**2 - 6*x. Give r(-16).
50
Let a(r) = 95*r - 15. Let t(i) = -10*i + 1. Let u(n) = -a(n) - 10*t(n). What is u(3)?
20
Suppose -206 + 62 = -18*y. Let n(m) = m - 12. What is n(y)?
-4
Let r(s) = 1 + 2*s - 51*s**2 + 9*s**2 - s + s + 6*s**2. Calculate r(-1).
-37
Let x(q) = q**3 - 5*q**2 + 4*q. Let h be x(4). Suppose h = -5*s + 5. Let r(c) = c - s - 2*c + 2*c - 1. Calculate r(-3).
-5
Let l(i) = 17*i - 5. Let s(c) = -c**3 + 6*c**2 - 4*c. Let x be s(5). Let w(m) = -2 + m + 3*m + x - 4. Let f(k) = -2*l(k) + 9*w(k). What is f(2)?
5
Let n(l) = l**2 + 5*l + 3. Let s = -35 + 69. Suppose 19 = 5*z + s. Determine n(z).
-3
Let h(d) be the second derivative of d**4/12 + d**3/2 + 5*d**2/2 + d - 10. Calculate h(4).
33
Let j(m) = -5*m**3 - 9*m**2 - 6*m - 1. Let w(x) = -12*x**3 - 19*x**2 - 12*x - 1. Let u(d) = -5*j(d) + 2*w(d). Determine u(-6).
3
Suppose 8 = 4*m - s, 4*s + 5 = -m + 24. Let k(x) = 14*x + 35. Let d(w) = -5*w - 12. Suppose 4*r + 32 - 100 = 0. Let g(l) = r*d(l) + 6*k(l). Give g(m).
3
Let h(x) = 8 + 4*x**2 - 3*x**2 + 0*x**2 + 10*x. Suppose 0 = 2*f + 13 + 5. Let u be h(f). Let z(r) = 5*r + 1. What is z(u)?
-4
Let a(n) = 7*n**2 - 4*n - 4. Let l(r) = -4*r**2 + 5*r - 6. Let z(t) = -3*t**2 + 4*t - 5. Let s(d) = -4*l(d) + 5*z(d). Let u(f) = a(f) - 6*s(f). Determine u(6).
14
Let p be (42/(-10) - -3)/(32/240). Let j(x) = x**2 + 9*x - 8. What is j(p)?
-8
Let r(t) = 5*t + 9. Let x be r(-3). Let n = -6 - x. Let v(p) = p**2 - p + 12. Calculate v(n).
12
Let m(h) = -2 - 4*h - 10*h + 15*h. Determine m(-9).
-11
Let i(p) = 9*p**2. Let v(y) = 11*y**2 + 7*y - 14. Let z(h) = -5*h**2 - 3*h + 7. Let j(x) = -4*v(x) - 9*z(x). Let u be j(-2). Determine i(u).
9
Let b(d) = -11*d + 6. Suppose 7*a = 10 + 11. Let z(j) = 4*j - 2. Let l(k) = a*b(k) + 8*z(k). Let o be ((-10)/3)/(22/(-33)). Determine l(o).
-3
Let n(c) be the first derivative of -3 - 2*c**3 + 2*c + 0*c**2 - 1/4*c**4. What is n(-6)?
2
Let t(d) = -d**3 - 15*d**2 + 14*d + 24. Let j(z) = 5*z**3 + 76*z**2 - 68*z - 122. Let k(w) = -2*j(w) - 11*t(w). Give k(-14).
36
Let x(n) = 9*n - 14. Let g(b) = 2*b - 5. Let k(d) = -4*g(d) + x(d). Give k(-8).
-2
Let o = 4 - 2. Let r(z) = -4*z - 3. Let y be r(-4). Suppose -3*k = -y - o. Let t(d) = d**2 - 5*d - 4. What is t(k)?
-4
Let g(w) = w**2. Let u(h) = 5*h**2 + 3*h + 1. Let r(j) = -6*g(j) + u(j). Suppose -m + 11*v - 7*v - 14 = 0, 5*m = -5*v + 5. Determine r(m).
-9
Let c(q) = -1. Let k(j) = j**2 - j + 3. Let t(z) = 5*c(z) + k(z). Determine t(-3).
10
Let v(b) = b**2 - 3*b + 1. Let j be v(4). Suppose w = -j*o + 8 + 12, o = 2*w - 7. Let i(d) = -4*d**2 + 2*d**2 - 4*d**2 + w*d**2 + 5 - 6*d. Calculate i(-6).
5
Let r(j) = -15*j**3 - 2*j**2 + 1. Let k(a) = -a + 13. Let q be k(8). Let f be 5 - (1 + 0) - q. What is r(f)?
14
Let d(c) = c**3 - 5*c**2 - 5*c - 3. Suppose 239 + 148 = -9*b. Let z = -37 - b. Determine d(z).
3
Let l(k) be the second derivative of -7*k**3/6 - k**2 + 170*k. Determine l(7).
-51
Let z(f) = -f**2 - 3*f + 1. Suppose -b - 5*l - 4 = -32, -b + 4*l - 17 = 0. Let n be 2/b - (-44)/(-12). Give z(n).
1
Let l(b) be the third derivative of b**5/60 + b**4/24 + b**3/2 - b**2. Suppose 0 = -23*k + 44*k + 63. Determine l(k).
9
Let a = -156 - -160. Let f(w) = -5*w + 1. Determine f(a).
-19
Let q(k) = -10*k + 17. Let u(p) = -9*p + 14. Let m(i) = -4*q(i) + 5*u(i). Suppose 3*t = 4*c + 1, 0 = -2*c + c - 5*t + 17. Give m(c).
-8
Let t(z) be the third derivative of 28*z**2 + 0*z + z**3 + 1/4*z**4 + 1/60*z**5 + 0. Determine t(-5).
1
Suppose 24 - 4 = -5*a. Let m(c) = c**2 + 15*c - 20*c + 8*c + 3 + 2. What is m(a)?
9
Suppose -3*i + 3 + 3 = 0. Let u(m) = 4 - m + 1 - 5*m**3 - 9*m**3 + 13*m**3 + m**i. Let w be u(0). Let r(t) = t - 4. Give r(w).
1
Let n = -1076 - -6457/6. Let z(f) be the second derivative of -n*f**3 + 8*f - 1/2*f**2 + 0 - 1/3*f**4 - 1/20*f**5. What is z(-2)?
-7
Let x be -3 - (0 - (9 - 2)). Let h(w) = -5 + x*w + 0*w + 0*w + 0*w. Determine h(5).
15
Let d(b) = -b**2 + 8*b - 1. Suppose 0 = m - 3*l, 4*l - 12 = -2*m + 6*l. Suppose m*g = 22 + 32. Give d(g).
11
Let q(y) be the third derivative of y**4/24 + y**3 - 180*y**2. Give q(-11).
-5
Let p(g) be the second derivative of 1/2*g**2 + 0 + 1/12*g**4 - 4/5*g**5 + g - 1/3*g**3. Suppose -2*n + 6 - 4 = 0. What is p(n)?
-16
Let a be -3*((-24)/(-9) + -3 - 1). Let i(x) = -x**3 + 4*x**2 + 2*x + 3. Determine i(a).
11
Suppose -275*c = -259*c - 176. Let h(z) = z -